{"id":651,"date":"2019-09-02T09:12:43","date_gmt":"2019-09-02T09:12:43","guid":{"rendered":"https:\/\/lemerle-avocat.com\/index.php\/attorneys\/"},"modified":"2024-05-06T10:54:30","modified_gmt":"2024-05-06T08:54:30","slug":"actualites","status":"publish","type":"page","link":"https:\/\/lemerle-avocat.com\/index.php\/actualites\/","title":{"rendered":"Actualit\u00e9s"},"content":{"rendered":"\t\t<div data-elementor-type=\"wp-post\" data-elementor-id=\"651\" class=\"elementor elementor-651\">\n\t\t\t\t\t\t<section class=\"elementor-section elementor-top-section elementor-element elementor-element-6449162 elementor-section-boxed elementor-section-height-default elementor-section-height-default\" data-id=\"6449162\" data-element_type=\"section\" data-settings=\"{&quot;background_background&quot;:&quot;classic&quot;}\">\n\t\t\t\t\t\t\t<div class=\"elementor-background-overlay\"><\/div>\n\t\t\t\t\t\t\t<div class=\"elementor-container elementor-column-gap-no\">\n\t\t\t\t\t<div class=\"elementor-column elementor-col-66 elementor-top-column elementor-element elementor-element-196a9b4\" data-id=\"196a9b4\" data-element_type=\"column\">\n\t\t\t<div class=\"elementor-widget-wrap elementor-element-populated\">\n\t\t\t\t\t\t<div class=\"elementor-element elementor-element-af3f1fa elementor-widget__width-initial elementor-widget elementor-widget-heading\" data-id=\"af3f1fa\" data-element_type=\"widget\" data-widget_type=\"heading.default\">\n\t\t\t\t<div class=\"elementor-widget-container\">\n\t\t\t\t\t<h1 class=\"elementor-heading-title elementor-size-default\">actualit\u00e9s.<\/h1>\t\t\t\t<\/div>\n\t\t\t\t<\/div>\n\t\t\t\t<div class=\"elementor-element elementor-element-1a64a15 elementor-widget-divider--view-line elementor-widget elementor-widget-divider\" data-id=\"1a64a15\" data-element_type=\"widget\" data-widget_type=\"divider.default\">\n\t\t\t\t<div class=\"elementor-widget-container\">\n\t\t\t\t\t\t\t<div class=\"elementor-divider\">\n\t\t\t<span class=\"elementor-divider-separator\">\n\t\t\t\t\t\t<\/span>\n\t\t<\/div>\n\t\t\t\t\t\t<\/div>\n\t\t\t\t<\/div>\n\t\t\t\t\t<\/div>\n\t\t<\/div>\n\t\t\t\t<div class=\"elementor-column elementor-col-33 elementor-top-column elementor-element elementor-element-19ce375\" data-id=\"19ce375\" data-element_type=\"column\">\n\t\t\t<div class=\"elementor-widget-wrap\">\n\t\t\t\t\t\t\t<\/div>\n\t\t<\/div>\n\t\t\t\t\t<\/div>\n\t\t<\/section>\n\t\t<div class=\"elementor-element elementor-element-73b6947 e-flex e-con-boxed e-con e-parent\" data-id=\"73b6947\" data-element_type=\"container\">\n\t\t\t\t\t<div class=\"e-con-inner\">\n\t\t\t\t<div class=\"elementor-element elementor-element-339f54e elementor-widget elementor-widget-spacer\" data-id=\"339f54e\" data-element_type=\"widget\" data-widget_type=\"spacer.default\">\n\t\t\t\t<div class=\"elementor-widget-container\">\n\t\t\t\t\t\t\t<div class=\"elementor-spacer\">\n\t\t\t<div class=\"elementor-spacer-inner\"><\/div>\n\t\t<\/div>\n\t\t\t\t\t\t<\/div>\n\t\t\t\t<\/div>\n\t\t\t\t\t<\/div>\n\t\t\t\t<\/div>\n\t\t\t\t<section class=\"elementor-section elementor-top-section elementor-element elementor-element-f679982 elementor-section-content-bottom elementor-section-height-default elementor-section-boxed elementor-section-height-default\" data-id=\"f679982\" data-element_type=\"section\">\n\t\t\t\t\t\t<div class=\"elementor-container elementor-column-gap-no\">\n\t\t\t\t\t<div class=\"elementor-column elementor-col-50 elementor-inner-column elementor-element elementor-element-b51fe97\" data-id=\"b51fe97\" data-element_type=\"column\">\n\t\t\t<div class=\"elementor-widget-wrap elementor-element-populated\">\n\t\t\t\t\t\t<div class=\"elementor-element elementor-element-55e2fd55 elementor-widget__width-initial elementor-widget elementor-widget-heading\" data-id=\"55e2fd55\" data-element_type=\"widget\" data-widget_type=\"heading.default\">\n\t\t\t\t<div class=\"elementor-widget-container\">\n\t\t\t\t\t<h2 class=\"elementor-heading-title elementor-size-default\">Articles<\/h2>\t\t\t\t<\/div>\n\t\t\t\t<\/div>\n\t\t\t\t<div class=\"elementor-element elementor-element-27167869 elementor-widget-divider--view-line elementor-widget elementor-widget-divider\" data-id=\"27167869\" data-element_type=\"widget\" data-widget_type=\"divider.default\">\n\t\t\t\t<div class=\"elementor-widget-container\">\n\t\t\t\t\t\t\t<div class=\"elementor-divider\">\n\t\t\t<span class=\"elementor-divider-separator\">\n\t\t\t\t\t\t<\/span>\n\t\t<\/div>\n\t\t\t\t\t\t<\/div>\n\t\t\t\t<\/div>\n\t\t\t\t\t<\/div>\n\t\t<\/div>\n\t\t\t\t<div class=\"elementor-column elementor-col-50 elementor-inner-column elementor-element elementor-element-40abd6d4\" data-id=\"40abd6d4\" data-element_type=\"column\">\n\t\t\t<div class=\"elementor-widget-wrap elementor-element-populated\">\n\t\t\t\t\t\t<div class=\"elementor-element elementor-element-3d04b82a elementor-widget elementor-widget-menu-anchor\" data-id=\"3d04b82a\" data-element_type=\"widget\" data-widget_type=\"menu-anchor.default\">\n\t\t\t\t<div class=\"elementor-widget-container\">\n\t\t\t\t\t\t\t<div class=\"elementor-menu-anchor\" id=\"articles\"><\/div>\n\t\t\t\t\t\t<\/div>\n\t\t\t\t<\/div>\n\t\t\t\t\t<\/div>\n\t\t<\/div>\n\t\t\t\t\t<\/div>\n\t\t<\/section>\n\t\t<div class=\"elementor-element elementor-element-069de29 e-flex e-con-boxed e-con e-parent\" data-id=\"069de29\" data-element_type=\"container\">\n\t\t\t\t\t<div class=\"e-con-inner\">\n\t\t\t\t<div class=\"elementor-element elementor-element-3cee20f elementor-widget elementor-widget-uael-posts\" data-id=\"3cee20f\" data-element_type=\"widget\" data-settings=\"{&quot;classic_slides_to_show&quot;:3,&quot;classic_slides_to_show_tablet&quot;:2,&quot;classic_slides_to_show_mobile&quot;:1,&quot;classic_show_filters&quot;:&quot;no&quot;}\" data-widget_type=\"uael-posts.classic\">\n\t\t\t\t<div class=\"elementor-widget-container\">\n\t\t\t\t\t\t\t<div class=\"uael-post__header\">\n\t\t\t\t\t<\/div>\n\t\t<div class=\"uael-post__body\">\n\t\t\t\n\t\t\n\t\t<div class=\"uael-blog-terms-position-above_content uael-post-image-top uael-post-grid uael-posts\" data-query-type=\"custom\" data-structure=\"normal\" data-layout=\"\" data-page=\"651\" data-skin=\"classic\" data-filter-default=\"\" data-offset-top=\"30\" >\n\n\t\t\t\t\t\t\t<div class=\"uael-post-grid__inner uael-post__columns-3 uael-post__columns-tablet-2 uael-post__columns-mobile-1\">\n\t\t\t\n<div class=\"uael-post-wrapper   infographie rupture-conventionnelle \">\n\t<div class=\"uael-post__bg-wrap uael-bg-wrap-disabled \">\n\n\t\t\t\t\n\t\t<div class=\"uael-post__inner-wrap uael-inner-wrap-disabled\">\n\n\t\t\n\t\t\t\n\t\t\t<div class=\"uael-post__content-wrap uael-content-wrap-disabled\">\n\t\t\t\t\t\t\t<div class=\"uael-post__terms-wrap\"><span class=\"uael-post__terms\"><a href=\"https:\/\/lemerle-avocat.com\/index.php\/category\/infographie\/\" class=\"uael-listing__terms-link\" id=\"uael-post-term-infographie\" aria-labelledby=\"uael-post-term-infographie\">Infographie<\/a><\/span><\/div>\n\t\t\t\t\t\t<h3 class=\"uael-post__title\">\n\n\t\t\n\t\t\t\t\t\t<a href=\"https:\/\/lemerle-avocat.com\/index.php\/2024\/05\/05\/ruptureconventionnelle-quelsdelaisrespecter\/\" target=\"_self\">\n\t\t\t\tRupture conventionnelle individuelle &#8211; Quels d\u00e9lais respecter?\t\t\t<\/a>\n\n\t\t\t\t<\/h3>\n\t\t\t\t\t<div class=\"uael-post__meta-data\">\n\t\t\t\t\t<span class=\"uael-post__date\">\n\t\t\t\t\t\t\t\t\t\t\t\t\t<i aria-hidden=\"true\" class=\"fa fa-calendar\"><\/i>\t\t\t\t\t\t\t\t\t\n\t\t\t5 mai 2024\t\t<\/span>\n\t\t\t\t<span class=\"uael-post__comments\">\n\t\t\t\t\t\t\t\t\t\t\t\t<i aria-hidden=\"true\" class=\"fa fa-comments\"><\/i>\t\t\t\t\t\t\t\t\t\tAucun commentaire\t\t<\/span>\n\t\t\t\t<\/div>\n\t\t\n\t\t<div class=\"uael-post__excerpt\">\n\t\t\tRupture conventionnelle individuelle &#8211; Quels d\u00e9lais respecter? Parce qu&rsquo;une image vaut mille mots, voici une petite infographie rappelant les d\u00e9lais \u00e0 respecter pour mettre en ...\t\t<\/div>\n\n\t\t\t\t\t<a class=\"uael-post__read-more elementor-button\" href=\"https:\/\/lemerle-avocat.com\/index.php\/2024\/05\/05\/ruptureconventionnelle-quelsdelaisrespecter\/\" target=\"_self\" aria-labelledby=\"uael-post-1426\">\n\t\t\t\t\t<span class=\"elementor-button-content-wrapper\">\n\t\t\t\t\t\t\t\t\t\t\t\t\t\t<span class=\"elementor-button-icon elementor-align-icon-left\">\n\n\t\t\t\t\t\t\t\t\t\n\t\t\t\t\t\t\t\t<\/span>\n\t\t\t\t\t\t\t\t\t\t\t\t\t\n\t\t\t\t\t\t<span class=\"elementor-button-text\" id=uael-post-1426>Lire plus \u2192<\/span>\n\t\t\t\t\t<\/span>\n\t\t\t\t<\/a>\n\t\t\t\t\t\t<\/div>\n\t\t\t\n\t\t<\/div>\n\t\t\n\t<\/div>\n\n<\/div>\n\t\t\t\t<\/div>\n\t\t\t\t\t\t\n\t\t<\/div>\n\n\t\t\t\t\t\t<\/div>\n\t\t<div class=\"uael-post__footer\">\n\t\t\t\t\t<\/div>\n\t\t\t\t\t\t<\/div>\n\t\t\t\t<\/div>\n\t\t\t\t\t<\/div>\n\t\t\t\t<\/div>\n\t\t\t\t<section class=\"elementor-section elementor-top-section elementor-element elementor-element-f065fbf elementor-section-content-bottom elementor-section-height-default elementor-section-boxed elementor-section-height-default\" data-id=\"f065fbf\" data-element_type=\"section\">\n\t\t\t\t\t\t<div class=\"elementor-container elementor-column-gap-no\">\n\t\t\t\t\t<div class=\"elementor-column elementor-col-50 elementor-inner-column elementor-element elementor-element-273a675\" data-id=\"273a675\" data-element_type=\"column\">\n\t\t\t<div class=\"elementor-widget-wrap elementor-element-populated\">\n\t\t\t\t\t\t<div class=\"elementor-element elementor-element-67d6016 elementor-widget__width-initial elementor-widget elementor-widget-heading\" data-id=\"67d6016\" data-element_type=\"widget\" data-widget_type=\"heading.default\">\n\t\t\t\t<div class=\"elementor-widget-container\">\n\t\t\t\t\t<h2 class=\"elementor-heading-title elementor-size-default\">Sur Linkedin<\/h2>\t\t\t\t<\/div>\n\t\t\t\t<\/div>\n\t\t\t\t<div class=\"elementor-element elementor-element-f4fd2f6 elementor-widget-divider--view-line elementor-widget elementor-widget-divider\" data-id=\"f4fd2f6\" data-element_type=\"widget\" data-widget_type=\"divider.default\">\n\t\t\t\t<div class=\"elementor-widget-container\">\n\t\t\t\t\t\t\t<div class=\"elementor-divider\">\n\t\t\t<span class=\"elementor-divider-separator\">\n\t\t\t\t\t\t<\/span>\n\t\t<\/div>\n\t\t\t\t\t\t<\/div>\n\t\t\t\t<\/div>\n\t\t\t\t\t<\/div>\n\t\t<\/div>\n\t\t\t\t<div class=\"elementor-column elementor-col-50 elementor-inner-column elementor-element elementor-element-2cd9f57\" data-id=\"2cd9f57\" data-element_type=\"column\">\n\t\t\t<div class=\"elementor-widget-wrap elementor-element-populated\">\n\t\t\t\t\t\t<div class=\"elementor-element elementor-element-af57f0e elementor-widget elementor-widget-menu-anchor\" data-id=\"af57f0e\" data-element_type=\"widget\" data-widget_type=\"menu-anchor.default\">\n\t\t\t\t<div class=\"elementor-widget-container\">\n\t\t\t\t\t\t\t<div class=\"elementor-menu-anchor\" id=\"linkedin\"><\/div>\n\t\t\t\t\t\t<\/div>\n\t\t\t\t<\/div>\n\t\t\t\t\t<\/div>\n\t\t<\/div>\n\t\t\t\t\t<\/div>\n\t\t<\/section>\n\t\t<div class=\"elementor-element elementor-element-6b46548 e-flex e-con-boxed e-con e-parent\" data-id=\"6b46548\" data-element_type=\"container\">\n\t\t\t\t\t<div class=\"e-con-inner\">\n\t\t\t\t<div class=\"elementor-element elementor-element-9285c9d elementor-widget elementor-widget-html\" data-id=\"9285c9d\" data-element_type=\"widget\" data-widget_type=\"html.default\">\n\t\t\t\t<div class=\"elementor-widget-container\">\n\t\t\t\t\t<div class=\"tagembed-widget\" style=\"width:100%;height:100%\" data-widget-id=\"148498\" view-url=\"https:\/\/widget.tagembed.com\/148498\"><\/div><script src=\"\/\/widget.tagembed.com\/embed.min.js\" type=\"text\/javascript\"><\/script>\r\n                                                            \t\t\t\t<\/div>\n\t\t\t\t<\/div>\n\t\t\t\t\t<\/div>\n\t\t\t\t<\/div>\n\t\t\t\t<\/div>\n\t\t","protected":false},"excerpt":{"rendered":"<p>actualit\u00e9s. Articles Infographie Rupture conventionnelle individuelle &#8211; Quels d\u00e9lais respecter? 5 mai 2024 Aucun commentaire Rupture conventionnelle individuelle &#8211; Quels d\u00e9lais respecter? Parce qu&#8217;une image vaut mille mots, voici une petite infographie rappelant les d\u00e9lais \u00e0 respecter pour mettre en &#8230; Lire plus \u2192 Sur Linkedin<\/p>\n","protected":false},"author":1,"featured_media":0,"parent":0,"menu_order":0,"comment_status":"closed","ping_status":"closed","template":"","meta":{"_acf_changed":false,"site-sidebar-layout":"no-sidebar","site-content-layout":"page-builder","ast-site-content-layout":"full-width-container","site-content-style":"unboxed","site-sidebar-style":"unboxed","ast-global-header-display":"","ast-banner-title-visibility":"","ast-main-header-display":"","ast-hfb-above-header-display":"","ast-hfb-below-header-display":"","ast-hfb-mobile-header-display":"","site-post-title":"disabled","ast-breadcrumbs-content":"disabled","ast-featured-img":"disabled","footer-sml-layout":"","theme-transparent-header-meta":"enabled","adv-header-id-meta":"","stick-header-meta":"","header-above-stick-meta":"","header-main-stick-meta":"","header-below-stick-meta":"","astra-migrate-meta-layouts":"set","ast-page-background-enabled":"default","ast-page-background-meta":{"desktop":{"background-color":"","background-image":"","background-repeat":"repeat","background-position":"center center","background-size":"auto","background-attachment":"scroll","background-type":"","background-media":"","overlay-type":"","overlay-color":"","overlay-opacity":"","overlay-gradient":""},"tablet":{"background-color":"","background-image":"","background-repeat":"repeat","background-position":"center center","background-size":"auto","background-attachment":"scroll","background-type":"","background-media":"","overlay-type":"","overlay-color":"","overlay-opacity":"","overlay-gradient":""},"mobile":{"background-color":"","background-image":"","background-repeat":"repeat","background-position":"center center","background-size":"auto","background-attachment":"scroll","background-type":"","background-media":"","overlay-type":"","overlay-color":"","overlay-opacity":"","overlay-gradient":""}},"ast-content-background-meta":{"desktop":{"background-color":"var(--ast-global-color-5)","background-image":"","background-repeat":"repeat","background-position":"center center","background-size":"auto","background-attachment":"scroll","background-type":"","background-media":"","overlay-type":"","overlay-color":"","overlay-opacity":"","overlay-gradient":""},"tablet":{"background-color":"var(--ast-global-color-5)","background-image":"","background-repeat":"repeat","background-position":"center center","background-size":"auto","background-attachment":"scroll","background-type":"","background-media":"","overlay-type":"","overlay-color":"","overlay-opacity":"","overlay-gradient":""},"mobile":{"background-color":"var(--ast-global-color-5)","background-image":"","background-repeat":"repeat","background-position":"center center","background-size":"auto","background-attachment":"scroll","background-type":"","background-media":"","overlay-type":"","overlay-color":"","overlay-opacity":"","overlay-gradient":""}},"footnotes":""},"class_list":["post-651","page","type-page","status-publish","hentry"],"acf":[],"yoast_head":"<!-- This site is optimized with the Yoast SEO plugin v24.7 - https:\/\/yoast.com\/wordpress\/plugins\/seo\/ -->\n<title>Actualit\u00e9s - Marion Lemerle - Avocat<\/title>\n<meta name=\"robots\" content=\"index, follow, max-snippet:-1, max-image-preview:large, max-video-preview:-1\" \/>\n<link rel=\"canonical\" href=\"https:\/\/lemerle-avocat.com\/index.php\/actualites\/\" \/>\n<meta property=\"og:locale\" content=\"fr_FR\" \/>\n<meta property=\"og:type\" content=\"article\" \/>\n<meta property=\"og:title\" content=\"Actualit\u00e9s - Marion Lemerle - Avocat\" \/>\n<meta property=\"og:description\" content=\"actualit\u00e9s. Articles Infographie Rupture conventionnelle individuelle &#8211; Quels d\u00e9lais respecter? 5 mai 2024 Aucun commentaire Rupture conventionnelle individuelle &#8211; Quels d\u00e9lais respecter? Parce qu&#8217;une image vaut mille mots, voici une petite infographie rappelant les d\u00e9lais \u00e0 respecter pour mettre en &#8230; Lire plus \u2192 Sur Linkedin\" \/>\n<meta property=\"og:url\" content=\"https:\/\/lemerle-avocat.com\/index.php\/actualites\/\" \/>\n<meta property=\"og:site_name\" content=\"Marion Lemerle - Avocat\" \/>\n<meta property=\"article:publisher\" content=\"https:\/\/www.facebook.com\/profile.php?id=61552854742976&amp;locale=fr_FR\" \/>\n<meta property=\"article:modified_time\" content=\"2024-05-06T08:54:30+00:00\" \/>\n<meta name=\"twitter:card\" content=\"summary_large_image\" \/>\n<meta name=\"twitter:label1\" content=\"Dur\u00e9e de lecture estim\u00e9e\" \/>\n\t<meta name=\"twitter:data1\" content=\"12 minutes\" \/>\n<script type=\"application\/ld+json\" class=\"yoast-schema-graph\">{\"@context\":\"https:\/\/schema.org\",\"@graph\":[{\"@type\":\"WebPage\",\"@id\":\"https:\/\/lemerle-avocat.com\/index.php\/actualites\/\",\"url\":\"https:\/\/lemerle-avocat.com\/index.php\/actualites\/\",\"name\":\"Actualit\u00e9s - Marion Lemerle - Avocat\",\"isPartOf\":{\"@id\":\"http:\/\/lemerle-avocat.com\/#website\"},\"datePublished\":\"2019-09-02T09:12:43+00:00\",\"dateModified\":\"2024-05-06T08:54:30+00:00\",\"breadcrumb\":{\"@id\":\"https:\/\/lemerle-avocat.com\/index.php\/actualites\/#breadcrumb\"},\"inLanguage\":\"fr-FR\",\"potentialAction\":[{\"@type\":\"ReadAction\",\"target\":[\"https:\/\/lemerle-avocat.com\/index.php\/actualites\/\"]}]},{\"@type\":\"BreadcrumbList\",\"@id\":\"https:\/\/lemerle-avocat.com\/index.php\/actualites\/#breadcrumb\",\"itemListElement\":[{\"@type\":\"ListItem\",\"position\":1,\"name\":\"Accueil\",\"item\":\"http:\/\/lemerle-avocat.com\/\"},{\"@type\":\"ListItem\",\"position\":2,\"name\":\"Actualit\u00e9s\"}]},{\"@type\":\"WebSite\",\"@id\":\"http:\/\/lemerle-avocat.com\/#website\",\"url\":\"http:\/\/lemerle-avocat.com\/\",\"name\":\"ML Avocat\",\"description\":\"Marion Lemerle - Avocat\",\"publisher\":{\"@id\":\"http:\/\/lemerle-avocat.com\/#organization\"},\"potentialAction\":[{\"@type\":\"SearchAction\",\"target\":{\"@type\":\"EntryPoint\",\"urlTemplate\":\"http:\/\/lemerle-avocat.com\/?s={search_term_string}\"},\"query-input\":{\"@type\":\"PropertyValueSpecification\",\"valueRequired\":true,\"valueName\":\"search_term_string\"}}],\"inLanguage\":\"fr-FR\"},{\"@type\":\"Organization\",\"@id\":\"http:\/\/lemerle-avocat.com\/#organization\",\"name\":\"Marion Lemerle Avocat\",\"url\":\"http:\/\/lemerle-avocat.com\/\",\"logo\":{\"@type\":\"ImageObject\",\"inLanguage\":\"fr-FR\",\"@id\":\"http:\/\/lemerle-avocat.com\/#\/schema\/logo\/image\/\",\"url\":\"https:\/\/lemerle-avocat.com\/wp-content\/uploads\/2023\/12\/Logo-2-sans-encadre.png\",\"contentUrl\":\"https:\/\/lemerle-avocat.com\/wp-content\/uploads\/2023\/12\/Logo-2-sans-encadre.png\",\"width\":500,\"height\":500,\"caption\":\"Marion Lemerle Avocat\"},\"image\":{\"@id\":\"http:\/\/lemerle-avocat.com\/#\/schema\/logo\/image\/\"},\"sameAs\":[\"https:\/\/www.facebook.com\/profile.php?id=61552854742976&locale=fr_FR\",\"https:\/\/www.linkedin.com\/in\/marion-lemerle-6748466a?lipi=urnlipaged_flagship3_profile_view_base_contact_detailsunpxQeB4TxGDTzYDPRKmTQ\"]}]}<\/script>\n<!-- \/ Yoast SEO plugin. -->","yoast_head_json":{"title":"Actualit\u00e9s - Marion Lemerle - Avocat","robots":{"index":"index","follow":"follow","max-snippet":"max-snippet:-1","max-image-preview":"max-image-preview:large","max-video-preview":"max-video-preview:-1"},"canonical":"https:\/\/lemerle-avocat.com\/index.php\/actualites\/","og_locale":"fr_FR","og_type":"article","og_title":"Actualit\u00e9s - Marion Lemerle - Avocat","og_description":"actualit\u00e9s. Articles Infographie Rupture conventionnelle individuelle &#8211; Quels d\u00e9lais respecter? 5 mai 2024 Aucun commentaire Rupture conventionnelle individuelle &#8211; Quels d\u00e9lais respecter? Parce qu&#8217;une image vaut mille mots, voici une petite infographie rappelant les d\u00e9lais \u00e0 respecter pour mettre en &#8230; Lire plus \u2192 Sur Linkedin","og_url":"https:\/\/lemerle-avocat.com\/index.php\/actualites\/","og_site_name":"Marion Lemerle - Avocat","article_publisher":"https:\/\/www.facebook.com\/profile.php?id=61552854742976&locale=fr_FR","article_modified_time":"2024-05-06T08:54:30+00:00","twitter_card":"summary_large_image","twitter_misc":{"Dur\u00e9e de lecture estim\u00e9e":"12 minutes"},"schema":{"@context":"https:\/\/schema.org","@graph":[{"@type":"WebPage","@id":"https:\/\/lemerle-avocat.com\/index.php\/actualites\/","url":"https:\/\/lemerle-avocat.com\/index.php\/actualites\/","name":"Actualit\u00e9s - Marion Lemerle - Avocat","isPartOf":{"@id":"http:\/\/lemerle-avocat.com\/#website"},"datePublished":"2019-09-02T09:12:43+00:00","dateModified":"2024-05-06T08:54:30+00:00","breadcrumb":{"@id":"https:\/\/lemerle-avocat.com\/index.php\/actualites\/#breadcrumb"},"inLanguage":"fr-FR","potentialAction":[{"@type":"ReadAction","target":["https:\/\/lemerle-avocat.com\/index.php\/actualites\/"]}]},{"@type":"BreadcrumbList","@id":"https:\/\/lemerle-avocat.com\/index.php\/actualites\/#breadcrumb","itemListElement":[{"@type":"ListItem","position":1,"name":"Accueil","item":"http:\/\/lemerle-avocat.com\/"},{"@type":"ListItem","position":2,"name":"Actualit\u00e9s"}]},{"@type":"WebSite","@id":"http:\/\/lemerle-avocat.com\/#website","url":"http:\/\/lemerle-avocat.com\/","name":"ML Avocat","description":"Marion Lemerle - Avocat","publisher":{"@id":"http:\/\/lemerle-avocat.com\/#organization"},"potentialAction":[{"@type":"SearchAction","target":{"@type":"EntryPoint","urlTemplate":"http:\/\/lemerle-avocat.com\/?s={search_term_string}"},"query-input":{"@type":"PropertyValueSpecification","valueRequired":true,"valueName":"search_term_string"}}],"inLanguage":"fr-FR"},{"@type":"Organization","@id":"http:\/\/lemerle-avocat.com\/#organization","name":"Marion Lemerle Avocat","url":"http:\/\/lemerle-avocat.com\/","logo":{"@type":"ImageObject","inLanguage":"fr-FR","@id":"http:\/\/lemerle-avocat.com\/#\/schema\/logo\/image\/","url":"https:\/\/lemerle-avocat.com\/wp-content\/uploads\/2023\/12\/Logo-2-sans-encadre.png","contentUrl":"https:\/\/lemerle-avocat.com\/wp-content\/uploads\/2023\/12\/Logo-2-sans-encadre.png","width":500,"height":500,"caption":"Marion Lemerle Avocat"},"image":{"@id":"http:\/\/lemerle-avocat.com\/#\/schema\/logo\/image\/"},"sameAs":["https:\/\/www.facebook.com\/profile.php?id=61552854742976&locale=fr_FR","https:\/\/www.linkedin.com\/in\/marion-lemerle-6748466a?lipi=urnlipaged_flagship3_profile_view_base_contact_detailsunpxQeB4TxGDTzYDPRKmTQ"]}]}},"_links":{"self":[{"href":"https:\/\/lemerle-avocat.com\/index.php\/wp-json\/wp\/v2\/pages\/651","targetHints":{"allow":["GET"]}}],"collection":[{"href":"https:\/\/lemerle-avocat.com\/index.php\/wp-json\/wp\/v2\/pages"}],"about":[{"href":"https:\/\/lemerle-avocat.com\/index.php\/wp-json\/wp\/v2\/types\/page"}],"author":[{"embeddable":true,"href":"https:\/\/lemerle-avocat.com\/index.php\/wp-json\/wp\/v2\/users\/1"}],"replies":[{"embeddable":true,"href":"https:\/\/lemerle-avocat.com\/index.php\/wp-json\/wp\/v2\/comments?post=651"}],"version-history":[{"count":32,"href":"https:\/\/lemerle-avocat.com\/index.php\/wp-json\/wp\/v2\/pages\/651\/revisions"}],"predecessor-version":[{"id":1483,"href":"https:\/\/lemerle-avocat.com\/index.php\/wp-json\/wp\/v2\/pages\/651\/revisions\/1483"}],"wp:attachment":[{"href":"https:\/\/lemerle-avocat.com\/index.php\/wp-json\/wp\/v2\/media?parent=651"}],"curies":[{"name":"wp","href":"https:\/\/api.w.org\/{rel}","templated":true}]}}